{"id":2772,"date":"2017-10-13T17:11:44","date_gmt":"2017-10-13T21:11:44","guid":{"rendered":"https:\/\/www.sunflowerit.ca\/travel\/?page_id=2772"},"modified":"2025-07-03T14:48:38","modified_gmt":"2025-07-03T18:48:38","slug":"margarita-island-2006","status":"publish","type":"page","link":"https:\/\/www.sunflowerit.ca\/travel\/cycling-travels\/cycling-south-america\/margarita-island-2006\/","title":{"rendered":"Margarita Island 2006"},"content":{"rendered":"\n<p class=\"wp-block-paragraph\">Jenny et moi avions discut\u00e9 de la possibilit\u00e9 d&#8217;aller dans le sud pour le cong\u00e9 de mars.  L&#8217;an dernier nous avions achet\u00e9 des billets pour Holguin (Cuba).  Bien que nous n&#8217;avions pas pr\u00e9vu de voyage \u00e0 ce moment, le prix des billets aller-retour \u00e9taient beaucoup moindre pour nous trois qu&#8217;un seul forfait tout-inclus pour Cancun que nous avions offert \u00e0 Jessica pour sa graduation.<\/p>\n\n\n\n<p class=\"wp-block-paragraph\">Cette ann\u00e9e nous avons commenc\u00e9 \u00e0 renouveler le passeport de Jenny et Victoria au d\u00e9but de f\u00e9vrier.  Nous avons eu quelques difficult\u00e9s pour le premier passeport ind\u00e9pendant de Victoria.  Nous avons d\u00fb obtenir un certificat de naissance de format allong\u00e9 pour Victoria.  Ensuite, nous avons d\u00fb obtenir la signature de l&#8217;ex, pour compl\u00e9ter le formulaire.  Nous avons commenc\u00e9 \u00e0 magasiner pour un vol apr\u00e8s avoir confirm\u00e9 la date de r\u00e9ception du passeport de Victoria.  Nous l&#8217;attendions le 10 mars soit le m\u00eame jour que le cong\u00e9 de mars d\u00e9butait.  Mercredi avant le d\u00e9but du cong\u00e9, nous nous \u00e9tions presque fait \u00e0 l&#8217;id\u00e9e de rester au Canada pour le cong\u00e9 scolaire.  Mais Jenny a finalement trouv\u00e9 une destination abordable vers l&#8217;\u00eele Margarita au bord du Venezuela.<\/p>\n\n\n\n<p class=\"wp-block-paragraph\">Nous avons profit\u00e9 des quelques derniers mois \u00e0 la maison pour terminer les moulures de transition du plancher de bois franc.  Jenny et moi avions install\u00e9 aux mois d&#8217;octobre et novembre dernier ce nouveau planche \u00e0 la grandeur de la maison.  Nous avons aussi nettoy\u00e9 la petite chambre cr\u00e9ative de toute la poussi\u00e8re r\u00e9sultant de la pose du gypse que j&#8217;ai recouvert pour la premi\u00e8re fois.  Avec le projet de plancher de bois franc, nous en avons profit\u00e9 pour refaire les garde-robes dans toutes les chambres.  Avec l&#8217;\u00e9lection g\u00e9n\u00e9rale du mois de janvier je n&#8217;ai pas eu le temps de r\u00e9aliser grand chose en d\u00e9cembre et janvier.  Comme Jenny nous rappelait &#8211; on m\u00e9ritait bien un cong\u00e9 dans le sud.<\/p>\n\n\n<div id=\"envira-gallery-wrap-18532\" class=\"envira-gallery-wrap envira-gallery-theme-base  envira-lazy-loading-disabled envira-layout-blogroll\" itemscope itemtype=\"http:\/\/schema.org\/ImageGallery\"><div class=\"envira-loader\"><div><\/div><div><\/div><div><\/div><div><\/div><\/div><div data-envira-id=\"18532\" data-gallery-config='{\"type\":\"default\",\"layout\":\"blogroll\",\"columns\":\"1\",\"gallery_theme\":\"base\",\"justified_margins\":10,\"justified_last_row\":\"nojustify\",\"lazy_loading\":1,\"lazy_loading_delay\":500,\"gutter\":10,\"margin\":10,\"image_size\":\"default\",\"square_size\":300,\"crop_width\":640,\"crop_height\":480,\"crop\":0,\"crop_position\":\"c\",\"additional_copy_0\":0,\"additional_copy_title\":0,\"additional_copy_caption\":0,\"additional_copy_title_caption\":0,\"additional_copy_0_mobile\":0,\"additional_copy_title_mobile\":0,\"additional_copy_caption_mobile\":0,\"additional_copy_title_caption_mobile\":0,\"gallery_column_title_caption\":\"0\",\"gallery_column_title_caption_mobile\":\"0\",\"additional_copy_automatic_0\":0,\"additional_copy_automatic_title\":0,\"additional_copy_automatic_caption\":0,\"additional_copy_automatic_title_caption\":0,\"additional_copy_automatic_0_mobile\":0,\"additional_copy_automatic_title_mobile\":0,\"additional_copy_automatic_caption_mobile\":0,\"additional_copy_automatic_title_caption_mobile\":0,\"gallery_automatic_title_caption\":\"0\",\"gallery_automatic_title_caption_mobile\":\"0\",\"justified_row_height\":150,\"description_position\":\"0\",\"description\":\"\",\"random\":\"title\",\"sort_order\":\"title\",\"sorting_direction\":\"ASC\",\"image_sizes_random\":[],\"isotope\":0,\"lightbox_enabled\":1,\"gallery_link_enabled\":1,\"lightbox_theme\":\"base_dark\",\"lightbox_image_size\":\"default\",\"title_display\":\"float\",\"lightbox_title_caption\":\"title\",\"arrows\":1,\"arrows_position\":\"inside\",\"toolbar\":0,\"toolbar_title\":0,\"toolbar_position\":\"top\",\"loop\":1,\"lightbox_open_close_effect\":\"fade\",\"effect\":\"fade\",\"supersize\":1,\"thumbnails_toggle\":0,\"thumbnails_hide\":0,\"image_counter\":0,\"thumbnails\":0,\"thumbnails_width\":\"auto\",\"thumbnails_height\":\"auto\",\"thumbnails_position\":\"bottom\",\"thumbnails_custom_size\":0,\"mobile\":1,\"mobile_width\":320,\"mobile_height\":240,\"mobile_lightbox\":1,\"mobile_gallery_link_enabled\":0,\"mobile_arrows\":1,\"mobile_toolbar\":1,\"mobile_thumbnails\":0,\"mobile_touchwipe_close\":0,\"mobile_thumbnails_width\":75,\"mobile_thumbnails_height\":50,\"mobile_justified_row_height\":80,\"keyboard\":true,\"standalone_template\":\"\",\"classes\":[\"\"],\"rtl\":0,\"slug\":\"margarita2006_03_12a\",\"gallery_id\":18532}' data-gallery-images='[{\"status\":\"active\",\"src\":\"https:\\\/\\\/www.sunflowerit.ca\\\/travel\\\/wp-content\\\/uploads\\\/2025\\\/07\\\/2025-07-06_13-59-15.avif\",\"title\":\"2025-07-06_13-59-15\",\"link\":\"https:\\\/\\\/www.sunflowerit.ca\\\/travel\\\/wp-content\\\/uploads\\\/2025\\\/07\\\/2025-07-06_13-59-15.avif\",\"alt\":\"\",\"caption\":false,\"thumb\":\"https:\\\/\\\/www.sunflowerit.ca\\\/travel\\\/wp-content\\\/uploads\\\/2025\\\/07\\\/2025-07-06_13-59-15-75x50_c.avif\",\"meta\":{\"aperture\":null,\"credit\":null,\"camera\":null,\"caption\":\"\",\"created_timestamp\":null,\"copyright\":null,\"focal_length\":null,\"iso\":null,\"shutter_speed\":null,\"title\":\"\",\"orientation\":null,\"keywords\":null},\"thumbnail\":\"https:\\\/\\\/www.sunflowerit.ca\\\/travel\\\/wp-content\\\/uploads\\\/2025\\\/07\\\/2025-07-06_13-59-15-150x57.avif\",\"medium\":\"https:\\\/\\\/www.sunflowerit.ca\\\/travel\\\/wp-content\\\/uploads\\\/2025\\\/07\\\/2025-07-06_13-59-15-300x113.avif\",\"medium_large\":\"https:\\\/\\\/www.sunflowerit.ca\\\/travel\\\/wp-content\\\/uploads\\\/2025\\\/07\\\/2025-07-06_13-59-15-768x290.avif\",\"large\":\"https:\\\/\\\/www.sunflowerit.ca\\\/travel\\\/wp-content\\\/uploads\\\/2025\\\/07\\\/2025-07-06_13-59-15-1024x387.avif\",\"1536x1536\":\"https:\\\/\\\/www.sunflowerit.ca\\\/travel\\\/wp-content\\\/uploads\\\/2025\\\/07\\\/2025-07-06_13-59-15.avif\",\"2048x2048\":\"https:\\\/\\\/www.sunflowerit.ca\\\/travel\\\/wp-content\\\/uploads\\\/2025\\\/07\\\/2025-07-06_13-59-15.avif\",\"full\":\"https:\\\/\\\/www.sunflowerit.ca\\\/travel\\\/wp-content\\\/uploads\\\/2025\\\/07\\\/2025-07-06_13-59-15.avif\",\"index\":0,\"id\":19879,\"video\":false,\"opts\":{\"caption\":\"\",\"thumb\":\"https:\\\/\\\/www.sunflowerit.ca\\\/travel\\\/wp-content\\\/uploads\\\/2025\\\/07\\\/2025-07-06_13-59-15-75x50_c.avif\",\"title\":\"2025-07-06_13-59-15\"},\"gallery_id\":18532}]' data-lightbox-theme='{&quot;arrows&quot;:true,&quot;margins&quot;:[10,0],&quot;gutter&quot;:&quot;100&quot;,&quot;thumbs_position&quot;:&quot;bottom&quot;,&quot;base_template&quot;:&quot;&lt;div id=\\&quot;envirabox-18532\\&quot; data-envirabox-id=\\&quot;18532\\&quot; class=\\&quot;envirabox-container envirabox-theme-base_dark envirabox-wrap\\&quot; role=\\&quot;dialog\\&quot;&gt;&lt;div class=\\&quot;envirabox-bg\\&quot;&gt;&lt;\\\/div&gt;&lt;div class=\\&quot;envirabox-outer\\&quot;&gt;&lt;div class=\\&quot;envirabox-inner\\&quot;&gt;&lt;div class=\\&quot;envirabox-caption-wrap\\&quot;&gt;&lt;div class=\\&quot;envirabox-title\\&quot;&gt;&lt;\\\/div&gt;&lt;\\\/div&gt;&lt;div class=\\&quot;envirabox-toolbar\\&quot;&gt;&lt;div class=\\&quot;envira-close-button\\&quot;&gt;&lt;a data-envirabox-close class=\\&quot;envirabox-item envirabox-close envirabox-button--close\\&quot; title=\\&quot;Close\\&quot; href=\\&quot;#\\&quot;&gt;&lt;\\\/a&gt;&lt;\\\/div&gt;&lt;\\\/div&gt;&lt;div class=\\&quot;envirabox-navigation\\&quot;&gt;&lt;a data-envirabox-prev title=\\&quot;Prev\\&quot; class=\\&quot;envirabox-arrow envirabox-arrow--left envirabox-nav envirabox-prev\\&quot; href=\\&quot;#\\&quot;&gt;&lt;span&gt;&lt;\\\/span&gt;&lt;\\\/a&gt;&lt;a data-envirabox-next title=\\&quot;Next\\&quot; class=\\&quot;envirabox-arrow envirabox-arrow--right envirabox-nav envirabox-next\\&quot; href=\\&quot;#\\&quot;&gt;&lt;span&gt;&lt;\\\/span&gt;&lt;\\\/a&gt;&lt;\\\/div&gt;&lt;div class=\\&quot;envirabox-stage\\&quot;&gt;&lt;\\\/div&gt;&lt;\\\/div&gt;&lt;\\\/div&gt;&lt;\\\/div&gt;&quot;,&quot;load_all&quot;:false,&quot;error_template&quot;:&quot;&lt;div class=\\&quot;envirabox-error\\&quot;&gt;&lt;p&gt;{{ERROR}}&lt;p&gt;&lt;\\\/div&gt;&quot;,&quot;inner_caption&quot;:false,&quot;caption_position&quot;:false,&quot;arrow_position&quot;:false,&quot;toolbar&quot;:true,&quot;infobar&quot;:false,&quot;show_smallbtn&quot;:false,&quot;idle_time&quot;:false,&quot;click_content&quot;:false,&quot;click_slide&quot;:false,&quot;click_outside&quot;:false,&quot;animation_duration&quot;:false,&quot;transition_duration&quot;:false,&quot;small_btn_template&quot;:&quot;&lt;a data-envirabox-close class=\\&quot;envirabox-item envirabox-close envirabox-button--close\\&quot; title=\\&quot;Close\\&quot; href=\\&quot;#\\&quot;&gt;&lt;\\\/a&gt;&quot;}' id=\"envira-gallery-18532\" class=\"envira-gallery-public  envira-gallery-1-columns envira-clear\"><div id=\"envira-gallery-item-19879\" class=\"envira-gallery-item envira-gallery-item-1 envira-lazy-load\" style=\"padding-left: 5px; padding-bottom: 10px; padding-right: 5px;\"  itemscope itemtype=\"http:\/\/schema.org\/ImageObject\"><div class=\"envira-gallery-item-inner\"><div class=\"envira-gallery-position-overlay envira-gallery-top-left\"><\/div><div class=\"envira-gallery-position-overlay envira-gallery-top-right\"><\/div><div class=\"envira-gallery-position-overlay envira-gallery-bottom-left\"><\/div><div class=\"envira-gallery-position-overlay envira-gallery-bottom-right\"><\/div><a data-envirabox=\"18532\" href=\"https:\/\/www.sunflowerit.ca\/travel\/wp-content\/uploads\/2025\/07\/2025-07-06_13-59-15.avif\" class=\"envira-gallery-18532 envira-gallery-link \" title=\"2025-07-06_13-59-15\" data-envira-item-id=\"19879\" data-title=\"2025-07-06_13-59-15\" data-caption=\"\" data-envira-retina=\"https:\/\/www.sunflowerit.ca\/travel\/wp-content\/uploads\/2025\/07\/2025-07-06_13-59-15.avif\" data-thumb=\"https:\/\/www.sunflowerit.ca\/travel\/wp-content\/uploads\/2025\/07\/2025-07-06_13-59-15-75x50_c.avif\"  itemprop=\"contentUrl\" ><div class=\"envira-lazy\" data-envira-changed=\"false\" data-width=\"640\" data-height=\"480\" style=\"padding-bottom:75%;\"><img loading=\"lazy\" decoding=\"async\" id=\"envira-gallery-image-19879\"  data-envirabox=\"18532\" tabindex=\"-1\" class=\"envira-gallery-image envira-gallery-image-1  envira-lazy\" data-envira-index=\"0\" src=\"https:\/\/www.sunflowerit.ca\/travel\/wp-content\/uploads\/2025\/07\/2025-07-06_13-59-15-1024x387.avif\" width=\"640\" height=\"480\" data-envira-src=\"https:\/\/www.sunflowerit.ca\/travel\/wp-content\/uploads\/2025\/07\/2025-07-06_13-59-15-1024x387.avif\" data-envira-gallery-id=\"18532\" data-envira-item-id=\"19879\" data-caption=\"\" data-title=\"2025-07-06_13-59-15\"  alt=\"\" title=\"2025-07-06_13-59-15\"  itemprop=\"thumbnailUrl\" data-envira-srcset=\"https:\/\/www.sunflowerit.ca\/travel\/wp-content\/uploads\/2025\/07\/2025-07-06_13-59-15-1024x387.avif 400w,https:\/\/www.sunflowerit.ca\/travel\/wp-content\/uploads\/2025\/07\/2025-07-06_13-59-15-1024x387.avif 2x\" srcset=\"data:image\/gif;base64,R0lGODlhAQABAIAAAP\/\/\/\/\/\/\/yH5BAEKAAEALAAAAAABAAEAAAICTAEAOw==\" \/><\/div><\/a><div class=\"envira-gallery-captioned-data envira-gallery-captioned-data-base\"><\/div><\/div><\/div><\/div><\/div><noscript><\/noscript>\n","protected":false},"excerpt":{"rendered":"<p>Jenny et moi avions discut\u00e9 de la possibilit\u00e9 d&#8217;aller dans le sud pour le cong\u00e9 de mars. L&#8217;an dernier nous avions achet\u00e9 des billets pour Holguin (Cuba). Bien que nous n&#8217;avions pas pr\u00e9vu de voyage \u00e0 ce moment, le prix des billets aller-retour \u00e9taient beaucoup moindre pour nous trois qu&#8217;un seul forfait tout-inclus pour Cancun [&hellip;]<\/p>\n","protected":false},"author":1,"featured_media":0,"parent":2766,"menu_order":0,"comment_status":"closed","ping_status":"closed","template":"","meta":{"_crdt_document":"","_s2mail":"no","footnotes":""},"class_list":["post-2772","page","type-page","status-publish","hentry"],"_links":{"self":[{"href":"https:\/\/www.sunflowerit.ca\/travel\/wp-json\/wp\/v2\/pages\/2772","targetHints":{"allow":["GET"]}}],"collection":[{"href":"https:\/\/www.sunflowerit.ca\/travel\/wp-json\/wp\/v2\/pages"}],"about":[{"href":"https:\/\/www.sunflowerit.ca\/travel\/wp-json\/wp\/v2\/types\/page"}],"author":[{"embeddable":true,"href":"https:\/\/www.sunflowerit.ca\/travel\/wp-json\/wp\/v2\/users\/1"}],"replies":[{"embeddable":true,"href":"https:\/\/www.sunflowerit.ca\/travel\/wp-json\/wp\/v2\/comments?post=2772"}],"version-history":[{"count":4,"href":"https:\/\/www.sunflowerit.ca\/travel\/wp-json\/wp\/v2\/pages\/2772\/revisions"}],"predecessor-version":[{"id":19736,"href":"https:\/\/www.sunflowerit.ca\/travel\/wp-json\/wp\/v2\/pages\/2772\/revisions\/19736"}],"up":[{"embeddable":true,"href":"https:\/\/www.sunflowerit.ca\/travel\/wp-json\/wp\/v2\/pages\/2766"}],"wp:attachment":[{"href":"https:\/\/www.sunflowerit.ca\/travel\/wp-json\/wp\/v2\/media?parent=2772"}],"curies":[{"name":"wp","href":"https:\/\/api.w.org\/{rel}","templated":true}]}}